{"id":1736,"date":"2025-12-03T10:28:09","date_gmt":"2025-12-03T09:28:09","guid":{"rendered":"https:\/\/www.frontsyndical.lu\/?post_type=mediatheques&#038;p=1736"},"modified":"2026-01-27T10:31:13","modified_gmt":"2026-01-27T09:31:13","slug":"conference-des-delegues-lunion-des-syndicats-ogbl-lcgb-demande-une-modernisation-du-temps-de-travail-et-un-renforcement-des-droits-des-travailleurs","status":"publish","type":"mediatheques","link":"https:\/\/www.frontsyndical.lu\/fr\/mediatheques\/conference-des-delegues-lunion-des-syndicats-ogbl-lcgb-demande-une-modernisation-du-temps-de-travail-et-un-renforcement-des-droits-des-travailleurs\/","title":{"rendered":"Conf\u00e9rence des d\u00e9l\u00e9gu\u00e9s : l\u2019Union des syndicats OGBL-LCGB demande une modernisation du temps de travail et un renforcement des droits des travailleurs"},"content":{"rendered":"","protected":false},"author":4,"featured_media":1743,"template":"","categorie_mediatheques":[11],"class_list":["post-1736","mediatheques","type-mediatheques","status-publish","has-post-thumbnail","hentry","categorie_mediatheques-galerie-photo"],"acf":[],"yoast_head":"<!-- This site is optimized with the Yoast SEO plugin v24.3 - https:\/\/yoast.com\/wordpress\/plugins\/seo\/ -->\n<title>Conf\u00e9rence des d\u00e9l\u00e9gu\u00e9s : l\u2019Union des syndicats OGBL-LCGB demande une modernisation du temps de travail et un renforcement des droits des travailleurs - Front Syndical<\/title>\n<meta name=\"robots\" content=\"index, follow, max-snippet:-1, max-image-preview:large, max-video-preview:-1\" \/>\n<link rel=\"canonical\" href=\"https:\/\/www.frontsyndical.lu\/fr\/mediatheques\/conference-des-delegues-lunion-des-syndicats-ogbl-lcgb-demande-une-modernisation-du-temps-de-travail-et-un-renforcement-des-droits-des-travailleurs\/\" \/>\n<meta property=\"og:locale\" content=\"fr_FR\" \/>\n<meta property=\"og:type\" content=\"article\" \/>\n<meta property=\"og:title\" content=\"Conf\u00e9rence des d\u00e9l\u00e9gu\u00e9s : l\u2019Union des syndicats OGBL-LCGB demande une modernisation du temps de travail et un renforcement des droits des travailleurs - Front Syndical\" \/>\n<meta property=\"og:url\" content=\"https:\/\/www.frontsyndical.lu\/fr\/mediatheques\/conference-des-delegues-lunion-des-syndicats-ogbl-lcgb-demande-une-modernisation-du-temps-de-travail-et-un-renforcement-des-droits-des-travailleurs\/\" \/>\n<meta property=\"og:site_name\" content=\"Front Syndical\" \/>\n<meta property=\"article:modified_time\" content=\"2026-01-27T09:31:13+00:00\" \/>\n<meta property=\"og:image\" content=\"https:\/\/www.frontsyndical.lu\/wp-content\/uploads\/2026\/01\/2025-02-12-Conference-des-delegues-UdS-1-scaled.jpeg\" \/>\n\t<meta property=\"og:image:width\" content=\"2560\" \/>\n\t<meta property=\"og:image:height\" content=\"1920\" \/>\n\t<meta property=\"og:image:type\" content=\"image\/jpeg\" \/>\n<meta name=\"twitter:card\" content=\"summary_large_image\" \/>\n<meta name=\"twitter:label1\" content=\"Dur\u00e9e de lecture estim\u00e9e\" \/>\n\t<meta name=\"twitter:data1\" content=\"1 minute\" \/>\n<script type=\"application\/ld+json\" class=\"yoast-schema-graph\">{\"@context\":\"https:\/\/schema.org\",\"@graph\":[{\"@type\":\"WebPage\",\"@id\":\"https:\/\/www.frontsyndical.lu\/fr\/mediatheques\/conference-des-delegues-lunion-des-syndicats-ogbl-lcgb-demande-une-modernisation-du-temps-de-travail-et-un-renforcement-des-droits-des-travailleurs\/\",\"url\":\"https:\/\/www.frontsyndical.lu\/fr\/mediatheques\/conference-des-delegues-lunion-des-syndicats-ogbl-lcgb-demande-une-modernisation-du-temps-de-travail-et-un-renforcement-des-droits-des-travailleurs\/\",\"name\":\"Conf\u00e9rence des d\u00e9l\u00e9gu\u00e9s : l\u2019Union des syndicats OGBL-LCGB demande une modernisation du temps de travail et un renforcement des droits des travailleurs - Front Syndical\",\"isPartOf\":{\"@id\":\"https:\/\/www.frontsyndical.lu\/fr\/#website\"},\"primaryImageOfPage\":{\"@id\":\"https:\/\/www.frontsyndical.lu\/fr\/mediatheques\/conference-des-delegues-lunion-des-syndicats-ogbl-lcgb-demande-une-modernisation-du-temps-de-travail-et-un-renforcement-des-droits-des-travailleurs\/#primaryimage\"},\"image\":{\"@id\":\"https:\/\/www.frontsyndical.lu\/mediatheques\/conference-des-delegues-lunion-des-syndicats-ogbl-lcgb-demande-une-modernisation-du-temps-de-travail-et-un-renforcement-des-droits-des-travailleurs\/#primaryimage\"},\"thumbnailUrl\":\"https:\/\/www.frontsyndical.lu\/wp-content\/uploads\/2026\/01\/2025-02-12-Conference-des-delegues-UdS-1-scaled.jpeg\",\"datePublished\":\"2025-12-03T09:28:09+00:00\",\"dateModified\":\"2026-01-27T09:31:13+00:00\",\"breadcrumb\":{\"@id\":\"https:\/\/www.frontsyndical.lu\/fr\/mediatheques\/conference-des-delegues-lunion-des-syndicats-ogbl-lcgb-demande-une-modernisation-du-temps-de-travail-et-un-renforcement-des-droits-des-travailleurs\/#breadcrumb\"},\"inLanguage\":\"fr-FR\",\"potentialAction\":[{\"@type\":\"ReadAction\",\"target\":[[\"https:\/\/www.frontsyndical.lu\/fr\/mediatheques\/conference-des-delegues-lunion-des-syndicats-ogbl-lcgb-demande-une-modernisation-du-temps-de-travail-et-un-renforcement-des-droits-des-travailleurs\/\"]]}]},{\"@type\":\"ImageObject\",\"inLanguage\":\"fr-FR\",\"@id\":\"https:\/\/www.frontsyndical.lu\/fr\/mediatheques\/conference-des-delegues-lunion-des-syndicats-ogbl-lcgb-demande-une-modernisation-du-temps-de-travail-et-un-renforcement-des-droits-des-travailleurs\/#primaryimage\",\"url\":\"https:\/\/www.frontsyndical.lu\/wp-content\/uploads\/2026\/01\/2025-02-12-Conference-des-delegues-UdS-1-scaled.jpeg\",\"contentUrl\":\"https:\/\/www.frontsyndical.lu\/wp-content\/uploads\/2026\/01\/2025-02-12-Conference-des-delegues-UdS-1-scaled.jpeg\",\"width\":2560,\"height\":1920},{\"@type\":\"BreadcrumbList\",\"@id\":\"https:\/\/www.frontsyndical.lu\/fr\/mediatheques\/conference-des-delegues-lunion-des-syndicats-ogbl-lcgb-demande-une-modernisation-du-temps-de-travail-et-un-renforcement-des-droits-des-travailleurs\/#breadcrumb\",\"itemListElement\":[{\"@type\":\"ListItem\",\"position\":1,\"name\":\"Accueil\",\"item\":\"https:\/\/www.frontsyndical.lu\/fr\/\"},{\"@type\":\"ListItem\",\"position\":2,\"name\":\"Conf\u00e9rence des d\u00e9l\u00e9gu\u00e9s : l\u2019Union des syndicats OGBL-LCGB demande une modernisation du temps de travail et un renforcement des droits des travailleurs\"}]},{\"@type\":\"WebSite\",\"@id\":\"https:\/\/www.frontsyndical.lu\/fr\/#website\",\"url\":\"https:\/\/www.frontsyndical.lu\/fr\/\",\"name\":\"Front Syndical\",\"description\":\"[:fr]Campagne commune de l&#039;OGBL et du LCGB[:de]Gemeinsame Kampagne des OGBL und des LCGB[:]\",\"publisher\":{\"@id\":\"https:\/\/www.frontsyndical.lu\/fr\/#organization\"},\"potentialAction\":[{\"@type\":\"SearchAction\",\"target\":{\"@type\":\"EntryPoint\",\"urlTemplate\":\"https:\/\/www.frontsyndical.lu\/fr\/?s={search_term_string}\"},\"query-input\":{\"@type\":\"PropertyValueSpecification\",\"valueRequired\":true,\"valueName\":\"search_term_string\"}}],\"inLanguage\":\"fr-FR\"},{\"@type\":\"Organization\",\"@id\":\"https:\/\/www.frontsyndical.lu\/fr\/#organization\",\"name\":\"Front Syndical\",\"url\":\"https:\/\/www.frontsyndical.lu\/fr\/\",\"logo\":{\"@type\":\"ImageObject\",\"inLanguage\":\"fr-FR\",\"@id\":\"https:\/\/www.frontsyndical.lu\/fr\/#\/schema\/logo\/image\/\",\"url\":\"https:\/\/www.frontsyndical.lu\/wp-content\/uploads\/2025\/01\/cropped-OGBL-LCGB_LogoCommun_Hori.png\",\"contentUrl\":\"https:\/\/www.frontsyndical.lu\/wp-content\/uploads\/2025\/01\/cropped-OGBL-LCGB_LogoCommun_Hori.png\",\"width\":1182,\"height\":127,\"caption\":\"Front Syndical\"},\"image\":{\"@id\":\"https:\/\/www.frontsyndical.lu\/fr\/#\/schema\/logo\/image\/\"}}]}<\/script>\n<!-- \/ Yoast SEO plugin. -->","yoast_head_json":{"title":"Conf\u00e9rence des d\u00e9l\u00e9gu\u00e9s : l\u2019Union des syndicats OGBL-LCGB demande une modernisation du temps de travail et un renforcement des droits des travailleurs - Front Syndical","robots":{"index":"index","follow":"follow","max-snippet":"max-snippet:-1","max-image-preview":"max-image-preview:large","max-video-preview":"max-video-preview:-1"},"canonical":"https:\/\/www.frontsyndical.lu\/fr\/mediatheques\/conference-des-delegues-lunion-des-syndicats-ogbl-lcgb-demande-une-modernisation-du-temps-de-travail-et-un-renforcement-des-droits-des-travailleurs\/","og_locale":"fr_FR","og_type":"article","og_title":"Conf\u00e9rence des d\u00e9l\u00e9gu\u00e9s : l\u2019Union des syndicats OGBL-LCGB demande une modernisation du temps de travail et un renforcement des droits des travailleurs - Front Syndical","og_url":"https:\/\/www.frontsyndical.lu\/fr\/mediatheques\/conference-des-delegues-lunion-des-syndicats-ogbl-lcgb-demande-une-modernisation-du-temps-de-travail-et-un-renforcement-des-droits-des-travailleurs\/","og_site_name":"Front Syndical","article_modified_time":"2026-01-27T09:31:13+00:00","og_image":[{"width":2560,"height":1920,"url":"https:\/\/www.frontsyndical.lu\/wp-content\/uploads\/2026\/01\/2025-02-12-Conference-des-delegues-UdS-1-scaled.jpeg","type":"image\/jpeg"}],"twitter_card":"summary_large_image","twitter_misc":{"Dur\u00e9e de lecture estim\u00e9e":"1 minute"},"schema":{"@context":"https:\/\/schema.org","@graph":[{"@type":"WebPage","@id":"https:\/\/www.frontsyndical.lu\/fr\/mediatheques\/conference-des-delegues-lunion-des-syndicats-ogbl-lcgb-demande-une-modernisation-du-temps-de-travail-et-un-renforcement-des-droits-des-travailleurs\/","url":"https:\/\/www.frontsyndical.lu\/fr\/mediatheques\/conference-des-delegues-lunion-des-syndicats-ogbl-lcgb-demande-une-modernisation-du-temps-de-travail-et-un-renforcement-des-droits-des-travailleurs\/","name":"Conf\u00e9rence des d\u00e9l\u00e9gu\u00e9s : l\u2019Union des syndicats OGBL-LCGB demande une modernisation du temps de travail et un renforcement des droits des travailleurs - Front Syndical","isPartOf":{"@id":"https:\/\/www.frontsyndical.lu\/fr\/#website"},"primaryImageOfPage":{"@id":"https:\/\/www.frontsyndical.lu\/fr\/mediatheques\/conference-des-delegues-lunion-des-syndicats-ogbl-lcgb-demande-une-modernisation-du-temps-de-travail-et-un-renforcement-des-droits-des-travailleurs\/#primaryimage"},"image":{"@id":"https:\/\/www.frontsyndical.lu\/mediatheques\/conference-des-delegues-lunion-des-syndicats-ogbl-lcgb-demande-une-modernisation-du-temps-de-travail-et-un-renforcement-des-droits-des-travailleurs\/#primaryimage"},"thumbnailUrl":"https:\/\/www.frontsyndical.lu\/wp-content\/uploads\/2026\/01\/2025-02-12-Conference-des-delegues-UdS-1-scaled.jpeg","datePublished":"2025-12-03T09:28:09+00:00","dateModified":"2026-01-27T09:31:13+00:00","breadcrumb":{"@id":"https:\/\/www.frontsyndical.lu\/fr\/mediatheques\/conference-des-delegues-lunion-des-syndicats-ogbl-lcgb-demande-une-modernisation-du-temps-de-travail-et-un-renforcement-des-droits-des-travailleurs\/#breadcrumb"},"inLanguage":"fr-FR","potentialAction":[{"@type":"ReadAction","target":[["https:\/\/www.frontsyndical.lu\/fr\/mediatheques\/conference-des-delegues-lunion-des-syndicats-ogbl-lcgb-demande-une-modernisation-du-temps-de-travail-et-un-renforcement-des-droits-des-travailleurs\/"]]}]},{"@type":"ImageObject","inLanguage":"fr-FR","@id":"https:\/\/www.frontsyndical.lu\/fr\/mediatheques\/conference-des-delegues-lunion-des-syndicats-ogbl-lcgb-demande-une-modernisation-du-temps-de-travail-et-un-renforcement-des-droits-des-travailleurs\/#primaryimage","url":"https:\/\/www.frontsyndical.lu\/wp-content\/uploads\/2026\/01\/2025-02-12-Conference-des-delegues-UdS-1-scaled.jpeg","contentUrl":"https:\/\/www.frontsyndical.lu\/wp-content\/uploads\/2026\/01\/2025-02-12-Conference-des-delegues-UdS-1-scaled.jpeg","width":2560,"height":1920},{"@type":"BreadcrumbList","@id":"https:\/\/www.frontsyndical.lu\/fr\/mediatheques\/conference-des-delegues-lunion-des-syndicats-ogbl-lcgb-demande-une-modernisation-du-temps-de-travail-et-un-renforcement-des-droits-des-travailleurs\/#breadcrumb","itemListElement":[{"@type":"ListItem","position":1,"name":"Accueil","item":"https:\/\/www.frontsyndical.lu\/fr\/"},{"@type":"ListItem","position":2,"name":"Conf\u00e9rence des d\u00e9l\u00e9gu\u00e9s : l\u2019Union des syndicats OGBL-LCGB demande une modernisation du temps de travail et un renforcement des droits des travailleurs"}]},{"@type":"WebSite","@id":"https:\/\/www.frontsyndical.lu\/fr\/#website","url":"https:\/\/www.frontsyndical.lu\/fr\/","name":"Front Syndical","description":"[:fr]Campagne commune de l&#039;OGBL et du LCGB[:de]Gemeinsame Kampagne des OGBL und des LCGB[:]","publisher":{"@id":"https:\/\/www.frontsyndical.lu\/fr\/#organization"},"potentialAction":[{"@type":"SearchAction","target":{"@type":"EntryPoint","urlTemplate":"https:\/\/www.frontsyndical.lu\/fr\/?s={search_term_string}"},"query-input":{"@type":"PropertyValueSpecification","valueRequired":true,"valueName":"search_term_string"}}],"inLanguage":"fr-FR"},{"@type":"Organization","@id":"https:\/\/www.frontsyndical.lu\/fr\/#organization","name":"Front Syndical","url":"https:\/\/www.frontsyndical.lu\/fr\/","logo":{"@type":"ImageObject","inLanguage":"fr-FR","@id":"https:\/\/www.frontsyndical.lu\/fr\/#\/schema\/logo\/image\/","url":"https:\/\/www.frontsyndical.lu\/wp-content\/uploads\/2025\/01\/cropped-OGBL-LCGB_LogoCommun_Hori.png","contentUrl":"https:\/\/www.frontsyndical.lu\/wp-content\/uploads\/2025\/01\/cropped-OGBL-LCGB_LogoCommun_Hori.png","width":1182,"height":127,"caption":"Front Syndical"},"image":{"@id":"https:\/\/www.frontsyndical.lu\/fr\/#\/schema\/logo\/image\/"}}]}},"_links":{"self":[{"href":"https:\/\/www.frontsyndical.lu\/fr\/wp-json\/wp\/v2\/mediatheques\/1736","targetHints":{"allow":["GET"]}}],"collection":[{"href":"https:\/\/www.frontsyndical.lu\/fr\/wp-json\/wp\/v2\/mediatheques"}],"about":[{"href":"https:\/\/www.frontsyndical.lu\/fr\/wp-json\/wp\/v2\/types\/mediatheques"}],"author":[{"embeddable":true,"href":"https:\/\/www.frontsyndical.lu\/fr\/wp-json\/wp\/v2\/users\/4"}],"wp:featuredmedia":[{"embeddable":true,"href":"https:\/\/www.frontsyndical.lu\/fr\/wp-json\/wp\/v2\/media\/1743"}],"wp:attachment":[{"href":"https:\/\/www.frontsyndical.lu\/fr\/wp-json\/wp\/v2\/media?parent=1736"}],"wp:term":[{"taxonomy":"categorie_mediatheques","embeddable":true,"href":"https:\/\/www.frontsyndical.lu\/fr\/wp-json\/wp\/v2\/categorie_mediatheques?post=1736"}],"curies":[{"name":"wp","href":"https:\/\/api.w.org\/{rel}","templated":true}]}}

Conférence des délégués : l’Union des syndicats OGBL-LCGB demande une modernisation du temps de travail et un renforcement des droits des travailleurs

<!-- This site is optimized with the Yoast SEO plugin v24.3 - https://yoast.com/wordpress/plugins/seo/ -->
<title>Conférence des délégués : l’Union des syndicats OGBL-LCGB demande une modernisation du temps de travail et un renforcement des droits des travailleurs - Front Syndical</title>
<meta name="robots" content="index, follow, max-snippet:-1, max-image-preview:large, max-video-preview:-1" />
<link rel="canonical" href="https://www.frontsyndical.lu/fr/mediatheques/conference-des-delegues-lunion-des-syndicats-ogbl-lcgb-demande-une-modernisation-du-temps-de-travail-et-un-renforcement-des-droits-des-travailleurs/" />
<meta property="og:locale" content="fr_FR" />
<meta property="og:type" content="article" />
<meta property="og:title" content="Conférence des délégués : l’Union des syndicats OGBL-LCGB demande une modernisation du temps de travail et un renforcement des droits des travailleurs - Front Syndical" />
<meta property="og:url" content="https://www.frontsyndical.lu/fr/mediatheques/conference-des-delegues-lunion-des-syndicats-ogbl-lcgb-demande-une-modernisation-du-temps-de-travail-et-un-renforcement-des-droits-des-travailleurs/" />
<meta property="og:site_name" content="Front Syndical" />
<meta property="article:modified_time" content="2026-01-27T09:31:13+00:00" />
<meta property="og:image" content="https://www.frontsyndical.lu/wp-content/uploads/2026/01/2025-02-12-Conference-des-delegues-UdS-1-scaled.jpeg" />
	<meta property="og:image:width" content="2560" />
	<meta property="og:image:height" content="1920" />
	<meta property="og:image:type" content="image/jpeg" />
<meta name="twitter:card" content="summary_large_image" />
<meta name="twitter:label1" content="Durée de lecture estimée" />
	<meta name="twitter:data1" content="1 minute" />
<script type="application/ld+json" class="yoast-schema-graph">{"@context":"https://schema.org","@graph":[{"@type":"WebPage","@id":"https://www.frontsyndical.lu/fr/mediatheques/conference-des-delegues-lunion-des-syndicats-ogbl-lcgb-demande-une-modernisation-du-temps-de-travail-et-un-renforcement-des-droits-des-travailleurs/","url":"https://www.frontsyndical.lu/fr/mediatheques/conference-des-delegues-lunion-des-syndicats-ogbl-lcgb-demande-une-modernisation-du-temps-de-travail-et-un-renforcement-des-droits-des-travailleurs/","name":"Conférence des délégués : l’Union des syndicats OGBL-LCGB demande une modernisation du temps de travail et un renforcement des droits des travailleurs - Front Syndical","isPartOf":{"@id":"https://www.frontsyndical.lu/fr/#website"},"primaryImageOfPage":{"@id":"https://www.frontsyndical.lu/fr/mediatheques/conference-des-delegues-lunion-des-syndicats-ogbl-lcgb-demande-une-modernisation-du-temps-de-travail-et-un-renforcement-des-droits-des-travailleurs/#primaryimage"},"image":{"@id":"https://www.frontsyndical.lu/mediatheques/conference-des-delegues-lunion-des-syndicats-ogbl-lcgb-demande-une-modernisation-du-temps-de-travail-et-un-renforcement-des-droits-des-travailleurs/#primaryimage"},"thumbnailUrl":"https://www.frontsyndical.lu/wp-content/uploads/2026/01/2025-02-12-Conference-des-delegues-UdS-1-scaled.jpeg","datePublished":"2025-12-03T09:28:09+00:00","dateModified":"2026-01-27T09:31:13+00:00","breadcrumb":{"@id":"https://www.frontsyndical.lu/fr/mediatheques/conference-des-delegues-lunion-des-syndicats-ogbl-lcgb-demande-une-modernisation-du-temps-de-travail-et-un-renforcement-des-droits-des-travailleurs/#breadcrumb"},"inLanguage":"fr-FR","potentialAction":[{"@type":"ReadAction","target":[["https://www.frontsyndical.lu/fr/mediatheques/conference-des-delegues-lunion-des-syndicats-ogbl-lcgb-demande-une-modernisation-du-temps-de-travail-et-un-renforcement-des-droits-des-travailleurs/"]]}]},{"@type":"ImageObject","inLanguage":"fr-FR","@id":"https://www.frontsyndical.lu/fr/mediatheques/conference-des-delegues-lunion-des-syndicats-ogbl-lcgb-demande-une-modernisation-du-temps-de-travail-et-un-renforcement-des-droits-des-travailleurs/#primaryimage","url":"https://www.frontsyndical.lu/wp-content/uploads/2026/01/2025-02-12-Conference-des-delegues-UdS-1-scaled.jpeg","contentUrl":"https://www.frontsyndical.lu/wp-content/uploads/2026/01/2025-02-12-Conference-des-delegues-UdS-1-scaled.jpeg","width":2560,"height":1920},{"@type":"BreadcrumbList","@id":"https://www.frontsyndical.lu/fr/mediatheques/conference-des-delegues-lunion-des-syndicats-ogbl-lcgb-demande-une-modernisation-du-temps-de-travail-et-un-renforcement-des-droits-des-travailleurs/#breadcrumb","itemListElement":[{"@type":"ListItem","position":1,"name":"Accueil","item":"https://www.frontsyndical.lu/fr/"},{"@type":"ListItem","position":2,"name":"Conférence des délégués : l’Union des syndicats OGBL-LCGB demande une modernisation du temps de travail et un renforcement des droits des travailleurs"}]},{"@type":"WebSite","@id":"https://www.frontsyndical.lu/fr/#website","url":"https://www.frontsyndical.lu/fr/","name":"Front Syndical","description":"[:fr]Campagne commune de l&#039;OGBL et du LCGB[:de]Gemeinsame Kampagne des OGBL und des LCGB[:]","publisher":{"@id":"https://www.frontsyndical.lu/fr/#organization"},"potentialAction":[{"@type":"SearchAction","target":{"@type":"EntryPoint","urlTemplate":"https://www.frontsyndical.lu/fr/?s={search_term_string}"},"query-input":{"@type":"PropertyValueSpecification","valueRequired":true,"valueName":"search_term_string"}}],"inLanguage":"fr-FR"},{"@type":"Organization","@id":"https://www.frontsyndical.lu/fr/#organization","name":"Front Syndical","url":"https://www.frontsyndical.lu/fr/","logo":{"@type":"ImageObject","inLanguage":"fr-FR","@id":"https://www.frontsyndical.lu/fr/#/schema/logo/image/","url":"https://www.frontsyndical.lu/wp-content/uploads/2025/01/cropped-OGBL-LCGB_LogoCommun_Hori.png","contentUrl":"https://www.frontsyndical.lu/wp-content/uploads/2025/01/cropped-OGBL-LCGB_LogoCommun_Hori.png","width":1182,"height":127,"caption":"Front Syndical"},"image":{"@id":"https://www.frontsyndical.lu/fr/#/schema/logo/image/"}}]}</script>
<!-- / Yoast SEO plugin. -->

Conférence des délégués : l’Union des syndicats OGBL-LCGB demande une modernisation du temps de travail et un renforcement des droits des travailleurs - Front Syndical
